ime number?
True
Is 17377127 a prime number?
True
Is 27526121 a prime number?
False
Is 143152319 prime?
True
Is 569021 a prime number?
True
Is 159143231 a composite number?
True
Is 85849061 composite?
False
Is 36629 a prime number?
True
Is 128177353 prime?
False
Is 4885513 composite?
True
Is 2803937 prime?
True
Is 2809154 a prime number?
False
Is 977021 a composite number?
False
Is 9188207 composite?
True
Is 114260491 prime?
True
Is 1597705 composite?
True
Is 141524131 a prime number?
False
Is 10469903 composite?
False
Is 4707779 composite?
False
Is 154087849 a composite number?
False
Is 39303449 prime?
True
Is 34246587 a prime number?
False
Is 14665817 composite?
True
Is 4232227 composite?
True
Is 11388821 a composite number?
False
Is 14343961 prime?
False
Is 411983931 prime?
False
Is 10364307 composite?
True
Is 16521023 prime?
True
Is 2142499 prime?
True
Is 1465633 prime?
False
Is 31792927 prime?
True
Is 2546497 a prime number?
True
Is 76022893 prime?
False
Is 3148829 a prime number?
True
Is 1932467 composite?
False
Is 2760617 a composite number?
False
Is 23675807 a prime number?
True
Is 3832757 composite?
False
Is 1963873 composite?
False
Is 165885451 a composite number?
False
Is 127736941 a prime number?
True
Is 4273471 composite?
True
Is 5089249 a composite number?
True
Is 2316553 composite?
False
Is 6102445 a prime number?
False
Is 1112935 a prime number?
False
Is 16559674 a composite number?
True
Is 2491171 a prime number?
True
Is 398487269 a composite number?
True
Is 9898991 composite?
True
Is 417523 prime?
True
Is 3146527 a prime number?
False
Is 29586745 a composite number?
True
Is 2679229 composite?
True
Is 1583237 prime?
False
Is 189127 a composite number?
False
Is 400461323 a prime number?
False
Is 17357209 a prime number?
False
Is 1277357 prime?
True
Is 3131122 a composite number?
True
Is 15193259 composite?
False
Is 6705731 composite?
False
Is 70404569 a composite number?
False
Is 108619411 composite?
False
Is 6133417 prime?
False
Is 5354114 prime?
False
Is 557346457 a composite number?
False
Is 113881253 prime?
True
Is 1365437 composite?
True
Is 35444491 a prime number?
False
Is 770285 prime?
False
Is 267706583 composite?
False
Is 54876329 prime?
True
Is 140680567 composite?
True
Is 146257 a prime number?
False
Is 10010597 a composite number?
True
Is 1323407 composite?
True
Is 5505023 a composite number?
False
Is 131623339 a prime number?
False
Is 88511827 a prime number?
True
Is 834623 prime?
True
Is 211002859 a prime number?
True
Is 7252499 prime?
True
Is 146843 a composite number?
False
Is 5225629 a prime number?
True
Is 1778388119 a prime number?
True
Is 22855579 composite?
False
Is 6591203 prime?
False
Is 5106217 prime?
True
Is 253915187 a composite number?
False
Is 7590053 a prime number?
True
Is 12212453 composite?
True
Is 6456221 a prime number?
True
Is 67454735 composite?
True
Is 73494829 composite?
False
Is 74754851 composite?
False
Is 12803255 a composite number?
True
Is 2376355 prime?
False
Is 83462761 prime?
True
Is 2910107 a composite number?
False
Is 246789313 a prime number?
True
Is 6296281 a prime number?
True
Is 12735101 a prime number?
True
Is 1317011 composite?
True
Is 129774599 a composite number?
False
Is 250573937 prime?
False
Is 16471477 prime?
False
Is 2101549 composite?
False
Is 164698603 prime?
False
Is 90691367 prime?
False
Is 2173307 prime?
True
Is 6770506 a composite number?
True
Is 246798931 a prime number?
False
Is 42831869 a composite number?
True
Is 13248553 a composite number?
True
Is 117071855 composite?
True
Is 33893327 prime?
False
Is 12369613 a prime number?
True
Is 14147947 a composite number?
True
Is 691463 a composite number?
False
Is 99479351 a prime number?
True
Is 10018851 a prime number?
False
Is 22847711 a prime number?
False
Is 39801439 a prime number?
True
Is 52549 a composite number?
True
Is 15314669 a composite number?
False
Is 14657351 composite?
True
Is 778690807 a composite number?
False
Is 11890393 prime?
False
Is 20289019 a composite number?
True
Is 306655 a composite number?
True
Is 4502809 a prime number?
True
Is 606362041 prime?
False
Is 5604197 a composite number?
True
Is 5358695 a prime number?
False
Is 18871331 a prime number?
True
Is 46312819 composite?
True
Is 2512171 composite?
False
Is 1825253 a prime number?
False
Is 13622501 a prime number?
True
Is 1122887 a prime number?
True
Is 177642055 composite?
True
Is 3741431 a composite number?
False
Is 92123363 a composite number?
True
Is 20166005 a prime number?
False
Is 1438900187 prime?
True
Is 21738757 a composite number?
True
Is 162867763 a prime number?
True
Is 15924919 composite?
False
Is 93579791 a prime number?
True
Is 2944155791 composite?
False
Is 1940099 a composite number?
True
Is 204401005 a composite number?
True
Is 39416243 a composite number?
True
Is 6435241 composite?
True
Is 13768109 prime?
True
Is 549989 a prime number?
False
Is 7806151 a prime number?
True
Is 11202431 a composite number?
False
Is 146330167 a composite number?
False
Is 8460817 composite?
False
Is 9632899 composite?
False
Is 6848351 a composite number?
False
Is 82303847 prime?
True
Is 1756657 composite?
True
Is 1457993 prime?
False
Is 10215871 a composite number?
True
Is 1553189 a prime number?
False
Is 14393521 a composite number?
False
Is 164611847 a prime number?
True
Is 1448303 a composite number?
False
Is 7570523 composite?
False
Is 284309 prime?
False
Is 12417 prime?
False
Is 3820841 prime?
True
Is 8270513 composite?
False
Is 226262 prime?
False
Is 211039 prime?
True
Is 44467679 composite?
False
Is 117539 prime?
True
Is 2973491 a prime number?
True
Is 4052911 a composite number?
False
Is 3924107 composite?
True
Is 13435283 a prime number?
True
Is 25370999 a prime number?
True
Is 34216577 prime?
True
Is 2803985 a composite number?
True
Is 35457109 a composite number?
False
Is 3362659 composite?
True
Is 84450403 a composite number?
False
Is 83145423 prime?
False
Is 2532241 a prime number?
True
Is 26028101 a prime number?
False
Is 45998499 prime?
False
Is 12083509 composite?
False
Is 13760671 a composite number?
False
Is 33906577 prime?
False
Is 9540911 a composite number?
False
Is 41256829 a prime number?
True
Is 1827583 a composite number?
False
Is 8201489 a prime number?
True
Is 12626962 a composite number?
True
Is 3885515 a composite number?
True
Is 279665957 a composite number?
True
Is 140387089 composite?
True
Is 3931393 a composite number?
False
Is 6118577 prime?
False
Is 8431519 a composite number?
False
Is 25105177 composite?
False
Is 50695271 prime?
False
Is 5605331 a composite number?
False
Is 1033271 a composite number?
False
Is 15296621 a prime number?
False
Is 389905027 a composite number?
False
Is 81936083 composite?
True
Is 25821179 composite?
False
Is 2290339 composite?
False
Is 101039311 prime?
False
Is 434677 a prime number?
False
Is 882907 a composite number?
False
Is 4457977 composite?
False
Is 3274763 a prime number?
False
Is 5238133 a composite number?
True
Is 37197091 composite?
False
Is 360257 prime?
True
Is 6415291 a composite number?
False
Is 1702061 a prime number?
True
Is 1378217 a composite number?
False
Is 4595939 a composite number?
True
Is 9552271 a composite number?
False
Is 62297309 a composite number?
False
Is 96367199 composite?
False
Is 37230199 composite?
True
Is 143833429 prime?
True
Is 8024158 a composite number?
True
Is 8643533 prime?
False
Is 4119509 prime?
True
Is 2012447 composite?
False
Is 45628879 prime?
True
Is 140133187 prime?
True
Is 747705587 composite?
False
Is 16700767 a composite number?
True
Is 59201381 composite?
False
Is 119006453 composite?
False
Is 14067187 a composite number?
False
Is 680143 a prime number?
False
Is 4963687 prime?
True
Is 760349 a prime number?
False
Is 532954115 prime?
False
Is 23905571 a prime number?
True
Is 2811491 a prime number?
False
Is 253506661 a composite number?
True
Is 626631 a composite number?
True
Is 277979374 composite?
True
Is 6418387 prime?
True
Is 528133 a composite number?
True
Is 64382083 composite?
True
Is 1247039 prime?
False
Is 5131717 prime?
False
Is 29134841 prime?
False
Is 3022627 a prime number?
False
Is 7846835 prime?
False
Is 2530581 prime?
False
Is 744243601 a composite number?
False
Is 14546671 a prime number?
True
Is 